of 132303?
1
What is the units digit of 2340156?
6
What is the ten thousands digit of 233064?
3
What is the hundreds digit of 2622452?
4
What is the ten thousands digit of 3397988?
9
What is the hundred thousands digit of 3317872?
3
What is the tens digit of 1504034?
3
What is the hundred thousands digit of 7004324?
0
What is the ten millions digit of 26232730?
2
What is the tens digit of 1429839?
3
What is the hundred thousands digit of 5085296?
0
What is the tens digit of 73339?
3
What is the ten thousands digit of 29775?
2
What is the thousands digit of 549783?
9
What is the ten thousands digit of 152727?
5
What is the tens digit of 54350?
5
What is the hundreds digit of 622636?
6
What is the hundred thousands digit of 23087785?
0
What is the millions digit of 2387660?
2
What is the ten thousands digit of 157683?
5
What is the tens digit of 1698261?
6
What is the units digit of 885813?
3
What is the hundreds digit of 129667?
6
What is the ten thousands digit of 23296?
2
What is the ten thousands digit of 459937?
5
What is the hundred thousands digit of 156925?
1
What is the units digit of 1115903?
3
What is the tens digit of 351698?
9
What is the units digit of 200158?
8
What is the hundreds digit of 7067797?
7
What is the tens digit of 1770?
7
What is the tens digit of 17221553?
5
What is the thousands digit of 2513372?
3
What is the thousands digit of 891093?
1
What is the thousands digit of 18554810?
4
What is the units digit of 1350784?
4
What is the thousands digit of 36951?
6
What is the tens digit of 4044963?
6
What is the thousands digit of 475614?
5
What is the units digit of 8281169?
9
What is the hundred thousands digit of 3788793?
7
What is the hundred thousands digit of 2688521?
6
What is the thousands digit of 1527648?
7
What is the units digit of 27931285?
5
What is the ten thousands digit of 1491007?
9
What is the hundred thousands digit of 14562806?
5
What is the ten thousands digit of 2113108?
1
What is the hundreds digit of 9365232?
2
What is the hundred thousands digit of 1020674?
0
What is the hundred thousands digit of 486683?
4
What is the thousands digit of 227539?
7
What is the hundred thousands digit of 3690928?
6
What is the hundred thousands digit of 747274?
7
What is the tens digit of 276162?
6
What is the hundred thousands digit of 629826?
6
What is the thousands digit of 1039926?
9
What is the ten thousands digit of 6772782?
7
What is the millions digit of 1892619?
1
What is the tens digit of 321080?
8
What is the units digit of 16318?
8
What is the ten thousands digit of 36602?
3
What is the thousands digit of 1205156?
5
What is the tens digit of 599075?
7
What is the hundred thousands digit of 2138502?
1
What is the tens digit of 1281701?
0
What is the hundred thousands digit of 490447?
4
What is the tens digit of 439768?
6
What is the tens digit of 224161?
6
What is the units digit of 44948?
8
What is the units digit of 1683563?
3
What is the thousands digit of 2666187?
6
What is the tens digit of 3163148?
4
What is the hundreds digit of 1483621?
6
What is the thousands digit of 468663?
8
What is the thousands digit of 1027559?
7
What is the hundred thousands digit of 2734007?
7
What is the tens digit of 914376?
7
What is the hundred thousands digit of 711854?
7
What is the units digit of 473866?
6
What is the units digit of 254320?
0
What is the ten millions digit of 27113274?
2
What is the hundreds digit of 2947?
9
What is the thousands digit of 6690047?
0
What is the thousands digit of 568951?
8
What is the units digit of 299676?
6
What is the ten thousands digit of 38787?
3
What is the hundred thousands digit of 4176510?
1
What is the hundreds digit of 125744?
7
What is the units digit of 1054494?
4
What is the millions digit of 13662929?
3
What is the thousands digit of 765709?
5
What is the units digit of 475329?
9
What is the hundred thousands digit of 352959?
3
What is the thousands digit of 2063821?
3
What is the millions digit of 27903739?
7
What is the millions digit of 4451877?
4
What is the hundred thousands digit of 885896?
8
What is the ten thousands digit of 6988187?
8
What is the thousands digit of 3121707?
1
What is the thousands digit of 18477838?
7
What is the ten thousands digit of 14205781?
0
What is the units digit of 461391?
1
What is the millions digit of 1489117?
1
What is the tens digit of 6953957?
5
What is the ten thousands digit of 1104870?
0
What is the tens digit of 842645?
4
What is the millions digit of 21256856?
1
What is the hundred thousands digit of 15247464?
2
What is the hundred thousands digit of 602225?
6
What is the hundred thousands digit of 7178132?
1
What is the millions digit of 5229993?
5
What is the tens digit of 1174881?
8
What is the thousands digit of 2313309?
3
What is the hundreds digit of 1865788?
7
What is the tens digit of 13608769?
6
What is the units digit of 117711?
1
What is the units digit of 117982?
2
What is the hundred thousands digit of 3378419?
3
What is the hundreds digit of 1223663?
6
What is the ten thousands digit of 92288?
9
What is the ten thousands digit of 197972?
9
What is the thousands digit of 4565785?
5
What is the thousands digit of 444777?
4
What is the hundred thousands digit of 688614?
6
What is the hundred thousands digit of 3766103?
7
What is the units digit of 18088190?
0
What is the units digit of 29542887?
7
What is the thousands digit of 35828?
5
What is the ten thousands digit of 5459774?
5
What is the tens digit of 748938?
3
What is the thousands digit of 673618?
3
What is the millions digit of 2258412?
2
What is the thousands digit of 181801?
1
What is the tens digit of 74928?
2
What is the millions digit of 1155955?
1
What is the ten thousands digit of 86335?
8
What is the hundreds digit of 298867?
8
What is the thousands digit of 9581?
9
What is the hundred thousands digit of 2551657?
5
What is the units digit of 883385?
5
What is the thousands digit of 9415334?
5
What is the thousands digit of 2958030?
8
What is the millions digit of 1619351?
1
What is the hundreds digit of 3113401?
4
What is the units digit of 489241?
1
What is the tens digit of 664671?
7
What is the thousands digit of 328649?
8
What is the thousands digit of 19363?
9
What is the units digit of 1086281?
1
What is the hundreds digit of 32613676?
6
What is the tens digit of 390329?
2
What is the thousands digit of 91083?
1
What is the ten thousands digit of 35998?
3
What is the ten thousands digit of 1230825?
3
What is the hundreds digit of 2130942?
9
What is the hundreds digit of 452071?
0
What is the thousands digit of 553211?
3
What is the hundreds digit of 2579056?
0
What is the tens digit of 2178697?
9
What is the tens digit of 5352625?
2
What is the tens digit of 4735947?
4
What is the tens digit of 2611251?
5
What is the hundred thousands digit of 191453?
1
What is the tens digit of 3751561?
6
What is the hundreds digit of 211164?
1
What is the hundreds digit of 14653031?
0
What is the tens digit of 12367872?
7
What is the tens digit of 73634?
3
What is the thousands digit of 1043470?
3
What is the hundreds digit of 663378?
3
What is the ten thousands digit of 263772?
6
What is the tens digit of 39014?
1
What is the tens digit of 892457?
5
What is the hundreds digit of 2462006?
0
What is the ten thousands digit of 571437?
7
What is the ten thousands digit of 6226403?
2
What is the hundreds digit of 491639?
6
What is the tens digit of 296321?
2
What is the ten thousands digit of 274050?
7
What is the hundreds digit of 4210402?
4
What is the tens digit of 21105845?
4
What is the ten thousands digit of 5458495?
5
What is the ten thousands digit of 28271?
2
What is the hundred thousands digit of 4332577?
3
What is the ten thousands digit of 428408?
2
What is the thousands digit of 160846?
0
What is the hundred thousands digit of 3305231?
3
What is the thousands digit of 799531?
9
What is the units digit of 556343?
3
What is the units digit of 7732448?
8
What is the hundred thousands digit of 996382?
9
What is the tens digit of 284988?
8
What is the units digit of 6834607?
7
What is the tens digit of 5113713?
1
What is the units digit of 16316979?
9
What is the ten thousands digit of 176247?
7
What is the hundred thousands digit of 7571844?
